er?
False
Is 459354/24*(-12 + 0 + 16) composite?
True
Let a = -2754 + 9240. Let x = 9194 - a. Suppose 20*u = 24*u - x. Is u a prime number?
True
Suppose 0 = -771*d + 589006092 + 2000401263. Is d prime?
False
Let u = 8323 + -3624. Is u prime?
False
Is ((-16846)/4 - (-14 - -11))*(-4)/2 composite?
True
Suppose 0 = -1793*q + 1786*q + 4744369. Is q a composite number?
False
Is (4/30 - (286/30)/(-11)) + 306148 a prime number?
True
Let j(u) = 47*u**2 + 10*u - 209. Is j(-20) prime?
False
Let i be (0 + 3)*(-10)/(-30). Let u be i - 6 - (-6)/(-2). Is 683*4/u*-2 prime?
True
Let d(b) = 9*b**2 + 9*b + 23. Let c(w) = -9*w**2 - 10*w - 22. Let t(q) = 2*c(q) + 3*d(q). Is t(-6) prime?
True
Suppose 33 = 4*r - 7. Let u(q) = q**3 - 4*q**2 + 21*q - 31. Is u(r) a composite number?
True
Let j = 452 + -450. Suppose -5*m - 9863 = -5*c + 6712, -j*m = -8. Is c a prime number?
True
Suppose -5*j + 240 = 7*j. Suppose -50*a + 46*a - j = 0. Is ((-1534)/4)/(a - 54/(-12)) composite?
True
Suppose -2*s + 2*w + 142 = 0, s - 3*s + 146 = -w. Suppose 7174 = -73*i + s*i. Is i composite?
True
Let w(i) = -i + 9. Let t be w(23). Let f(c) = -3*c**3 - 5*c**2 + 21*c - 27. Is f(t) a composite number?
True
Let b be (-3 + 4123/(-28))/(2/(-72)). Let k = b + -2392. Is k prime?
False
Let n(x) = -x**3 + 2*x**2 + 21*x - 6. Let y be n(-4). Is (2 - -2) + -1 + y + 140 composite?
False
Let d(v) = 9*v**2 + 22*v - 113. Let p be d(-13). Let w = 5252 + p. Is w prime?
False
Let s(q) = -q**3 + 9*q**2 - 8*q - 52. Let u be s(-16). Let h = -2889 + u. Is h prime?
False
Suppose 2369615 = 4*h - b, 2*b - 7*b - 592418 = -h. Is h prime?
False
Let h(c) = -c**3 + 40*c**2 + 67*c + 67. Let y be h(27). Is (y - 1) + -7 - -2 prime?
False
Let l = 64 + -61. Suppose -l*j + 8 = -5*v + 60, 2*v - 18 = 4*j. Let t(z) = 2*z**3 - 15*z**2 - 10*z + 2. Is t(v) composite?
False
Let l = -21 - -44. Suppose 18*w + 4835 = l*w. Is w prime?
True
Let h(w) = -13 + 18*w + 2 - 18*w**2 + 7*w**2 - 8 + 23*w**2. Is h(-9) a composite number?
True
Let a(z) be the first derivative of 19*z**2/2 - 10*z - 2. Suppose 7*u - 18 = -k + 4*u, 4*u = 12. Is a(k) a prime number?
False
Let q(h) = -2824*h + 7313. Is q(-96) a prime number?
False
Suppose 91*u = 101*u - 5190. Is u a composite number?
True
Suppose 2*h + 113 - 101 = 0. Let y(m) = -10*m**3 + 6*m**2 + 16*m + 1. Is y(h) composite?
False
Let o be 80365/7 - (-2)/7. Let l = o + -2542. Is l composite?
True
Suppose -24256 = -88*g + 104*g. Let l = g - -2573. Is l a prime number?
False
Let r = -509 - -723. Let s = -138 + r. Suppose -5*y = -1091 + s. Is y a composite number?
True
Let f be 27/7*294/126. Let c(j) = 6 - 16 + 13*j**2 - 11 + 5*j. Is c(f) a composite number?
True
Let z(b) = -10*b + 2*b - 18*b - 29 + 43*b**2 + 5*b - 40. Is z(-3) a prime number?
False
Let f(q) = -q - 19. Let z be f(-16). Is (30 - 33)/(z/3845) a prime number?
False
Suppose -4 = r, 2*m + 3*r + 10 = -0*r. Let g(s) = 981*s**2 - s. Let u be g(m). Is 3/(-3)*3 + u a prime number?
True
Let u be 292/6 + 0 + 8/(-12). Let m = u + -45. Suppose 2*t - 611 = 2*n - 3*n, -4*t + m*n + 1237 = 0. Is t prime?
True
Let z(o) = o**2 + 7*o + 23. Suppose -2*v + 4*u + 10 = 0, 11 = -5*u + 6. Suppose -w = -4*x, -v*w + x - 27 = -2*x. Is z(w) a composite number?
False
Suppose -2*w + 60241 = 4*r - 16253, 2*r - 153000 = -4*w. Is w a prime number?
False
Is (32502 + 2 + 2)/(59/((-767)/(-26))) a prime number?
True
Let b = -84 - -146. Suppose 4*c - 234 - b = 0. Let d = 143 - c. Is d composite?
True
Let i be -1691 - (-21)/2*(-160)/(-280). Let k(y) = -726*y**3 - y + 1. Let c be k(1). Let a = c - i. Is a a prime number?
False
Suppose -10*g - 108743 = 259907. Is (-7)/28 - g/20 a prime number?
False
Let o = 14145 - 7315. Suppose 5*t + 3*r - 23343 = 0, -4*t - o = -r - 25501. Let v = t - 1181. Is v a prime number?
False
Let y(a) = 699*a - 30. Let g = -52 + 58. Let v be y(g). Suppose i - v = -3*i. Is i prime?
False
Is 80/120*2653983/6 composite?
False
Let i(o) = 72*o + 122. Let y be i(30). Suppose d - 3*s = -8*s + 1141, 2*d + s = y. Is d prime?
False
Suppose -30 = 5*q - 40. Suppose 3*c - 1141 = 2*z, -q*z - 3*z - 1147 = -3*c. Is c a prime number?
True
Suppose -229*f + 30496939 = 3509060. Is f composite?
False
Let w = 232046 - -37331. Is w a prime number?
True
Let r(j) = -4*j**3 - 4*j**2 + 3*j + 10. Let h be r(-2). Is (4 + -9246)*5/h*-2 composite?
False
Let i = -119228 + 176449. Is i a composite number?
False
Let b(r) = 117611*r + 426. Is b(1) composite?
False
Suppose 0 = 6*y - 205 - 137. Suppose -67 = -2*g - y. Is (-1)/((-1 + g)/(-3748)) a composite number?
False
Suppose -w = -4*j - 45512, -2*j = 4*w - 10256 + 33030. Let x = j - -16387. Suppose 3758 = 3*r + z, z + 3*z - x = -4*r. Is r composite?
True
Let h be (-2)/(-14) + 477532/154. Suppose 0 = 4*j, 5*r + 4*j + h = 25966. Is r a composite number?
True
Let b be (-12)/(-66) + 568/22 + 3. Is -9 + 1 - (b - 22604) prime?
True
Suppose -166*u = -133*u - 14698629. Is u composite?
True
Let c = 12962 - 6541. Is c a composite number?
False
Let z be ((-2300)/(-150))/(1/(-3)). Let t(a) = a**2 + 36*a + 175. Is t(z) a prime number?
False
Suppose x - 13 = -y - y, x - 5*y = 6. Suppose 0 = 2*r + x - 17. Suppose -r*h = -0*h + 3*w - 1056, 2*w + 1725 = 5*h. Is h a prime number?
True
Let x be 5/(5 - (-44)/(-8)). Is (x - -499)*(-6)/(-9) a prime number?
False
Suppose -3*d = -10*d - 2702. Let l be (d/6 + -2)/((-7)/567). Is (l/(-45))/((-1)/5) composite?
True
Suppose -2*s + 7*n = -156129, 5*s = 5*n - 6*n + 390304. Is s prime?
False
Let i = 1830 - 266. Let g = i + -561. Is g prime?
False
Let k(j) = -j**3 - 10*j**2 - 4*j - 14. Let h be k(-12). Suppose -2*a - 5*a = h. Is a/(2 - 0)*(2 + -3) a composite number?
False
Let n = 89173 - 6416. Is n a prime number?
True
Let v = -12903 - -23454. Let n = -4070 + v. Is n prime?
True
Suppose 9*p - 6499 - 5246 = 0. Let t = p + -542. Is t composite?
True
Let a = 21108 - -2161. Is a composite?
False
Suppose -21*v + 26*v - z = 3225094, 0 = v + 3*z - 645022. Is v composite?
False
Let t(i) = i**3 - 32*i**2 - 6*i - 66. Let b be t(34). Let l = b + -1203. Is l a composite number?
False
Suppose 4*v = -2*y - 5 - 11, -3*v - 14 = 2*y. Is y/(-156)*6 + (-41685)/(-39) a composite number?
False
Suppose 6*d = 19*d + 39. Is 555480/300*(-5)/d prime?
False
Let r be (-3 + 60/18)*0. Suppose -8*p + 7*p + 4837 = r. Is p a composite number?
True
Is 9976 + (-8 + 7 - -4)/3 prime?
False
Suppose 3627 = -4*t + t. Let a = 823 + t. Let y = 757 + a. Is y composite?
True
Let n be 5 + 3/9*-3. Let f be (8 - 6)*(-2 + n). Is 2 - 5 - (-1 - (f + 45)) composite?
False
Suppose 2*v - 5*v + 12 = 0. Suppose -4*g + 24 = v*g. Suppose 3*q - 767 = -4*m, 4*q - g*m = 3*q + 260. Is q prime?
True
Suppose -4*q + 57185 = 12069. Let z = -485 - q. Is (0 - 3)*(z/(-6))/(-2) a composite number?
True
Let n be (9*5981/6 + 0)*2. Suppose -3*a = -0*a - n. Is a a composite number?
False
Let f be 2/1*(-19 + 21). Suppose v + f*v = -75. Is (-246)/4*70/v composite?
True
Is 400/(35 - 15) + 130699 composite?
True
Let b = -14 - -20. Suppose 12 = b*j - 0. Suppose 0 = -2*m + j*c + 3119 + 737, -5*c + 3849 = 2*m. Is m a composite number?
True
Let j be 39/4 - (-5)/20. Suppose 3*a = j*a + 21. Is 186 + 3/a + -2 composite?
True
Suppose -3*u = 326*g - 323*g - 155124, u - 51728 = 3*g. Is u composite?
False
Let q be 1/(12/(-15) - -1). Suppose q*h + 15979 = 74364. Is h prime?
True
Suppose -28 = h - 2*h. Is (0 + -1 + -5121)*(-14)/h composite?
True
Suppose 2*o - b - 14 = -5*b, o - 3*b + 3 = 0. Let c(z) = -148*z + 22. Let w(t) = 297*t - 43. Let m(s) = o*w(s) + 5*c(s). Is m(6) prime?
True
Let w be ((-572)/78)/((-4)/6). Suppose -w*m - 8 = -13*m. Is 1/m*-1*-764 prime?
True
Let u(d) = d**3 - d**2 + d + 36. Let g be u(0). Let s = g + -32. Is 194 + (s - 3 - 4) a prime number?
True
Suppose 7*l - 66*l + 59 = 0. Is (-43 - -44)/(l/1459) composite?
False
Let y(x) = -x**3 + 15*x**2 + 16*x + 3. Let n be y(16). Let f be 1*((n + 0)/3 - -4). Suppose -f*a + 1627 - 359 = -o, o - 764 = -3*a. Is a prime?
False
Let f(v) = 2*v**3 + 14*v**2 + 10*v + 6. Suppose 0 = -35*s + 32*s - 42. Let t be f(s). Let p = 8657 + t. Is p prime?
True
Let n(b) = -2*b**2 - 2*b + 9. Let k be n(-3). Is ((-32)/(-3))/8*k + 2463 a prime number?
True
Let b(m) = -2*m**3 - 7*m**2 + 4*m + 5. Let f be b(-4). Let j(g) = f*g - 6 - 11*g**2 + 8*g**2 + 5*g**2. Is j(5)